alculate d(m).
-3
Let m be (0 + -1 - -2)*(2 - 3). Let p(i) = 5*i**3 + i**2 + 7*i + 5. Let a(o) = -o**3 - o - 1. Let k(u) = m*p(u) - 6*a(u). Give k(2).
3
Let k(p) = -p**2 + 5*p + 3. Let o(d) = -3*d - 23 + 53 - 51. Let g(f) = f**3 - 5*f**2 + 2*f + 3. Let l be g(3). Let b be o(l). Give k(b).
-3
Let r(w) be the third derivative of w**6/120 + w**5/12 + w**4/8 - w**3/3 + 14*w**2 - w. Calculate r(-3).
7
Let a(k) = -k**3 + k**2 - 2*k + 2. Let b(s) be the second derivative of -5/6*s**3 - 4*s - 7/12*s**4 + 4*s**2 - 1/20*s**5 + 0. Let o be b(-6). Calculate a(o).
-6
Let c(f) = -f + 2. Let o be c(-2). Let m(q) = 13*q + 0 + 13*q - 35*q + 4 - 3*q**2 + 14*q. Determine m(o).
-24
Let w = -126 + 127. Let k(f) be the first derivative of -f**2/2 + f - 3. What is k(w)?
0
Let v be (-3 + 4)*(14 + 0). Suppose 40 = -5*h - w - 2*w, -v = -h - 5*w. Let q(s) = 15*s + 14. Let l(k) = 5*k + 5. Let c(j) = h*l(j) + 4*q(j). Calculate c(-1).
-4
Let t(f) = -f**2 + 1. Let l(g) = -4*g**2 - 4*g + 8. Let m(p) = l(p) - 3*t(p). Determine m(-5).
0
Let j(y) = -11 + 10*y**2 + y**3 - 10 - 7 + 24. Determine j(-10).
-4
Let g(x) be the first derivative of x**3 - 3*x**2/2 + 2*x - 283. Determine g(3).
20
Let o(p) = p**3 + 7*p**2 - 97*p - 11. Let m be o(-14). Let q(a) = a**2 + 27*a + 60. Calculate q(m).
10
Let a be (-4)/26 - 308/(-143). Let q(y) = 0*y - 2 + y**a - 7*y + 1. Calculate q(5).
-11
Let u(t) = -t**2 - 4*t + 6. Suppose 20*m + 160 = -12*m. What is u(m)?
1
Let k(s) be the first derivative of s**3/3 + 4*s**2 + 10*s + 1. Let u = -658 + 651. Determine k(u).
3
Suppose 5*x - 2*x + 3*z = 63, 36 = 2*x - 4*z. Suppose -x = 4*u, 3*k - 2*u = 2 + 5. Let b(o) = 5*o**3 - 2*o - 1. What is b(k)?
-4
Let r(m) = -3*m**2 - 8*m + 8. Let u(a) = 3*a + a + 0 + 0 - 3 + a**2. Let d(p) = -2*r(p) - 5*u(p). Give d(3).
-4
Suppose -27*b = 152 + 91. Let s(u) = -u**2 - 8*u + 12. Calculate s(b).
3
Let p(c) be the second derivative of -3*c**5/4 - c**3/6 - 9*c + 16. Give p(1).
-16
Let v(r) = -2*r - 29. Let l(s) = 2*s + 27. Let p(g) = -7*l(g) - 6*v(g). Determine p(-11).
7
Suppose 0 = -22*h + 9*h. Let w(c) be the third derivative of 7/6*c**3 - 3*c**2 + 0 + 1/3*c**4 + 1/60*c**5 + h*c. Calculate w(-5).
-8
Let j be 184/56 + -2*(-3)/(-21). Let u(s) = -s**3 + 3*s**2 + 4*s + 1. What is u(j)?
13
Let r(z) = -11*z - 9. Let w be (68/153)/(8/(-36)). What is r(w)?
13
Let k(g) = 6897*g**3 + 6898*g**3 - 1 + 2*g - 13794*g**3 + 2 - 5*g**2. Let t(l) = -l**2 + 4*l + 1. Let f be t(3). Determine k(f).
-7
Let a(c) = 0*c**2 + 4*c**2 - 6*c**2 + 9*c - 11*c - 3. Give a(-4).
-27
Let w(b) be the third derivative of -b**9/20160 + b**7/1680 + b**6/360 - b**5/5 + 21*b**2. Let j(m) be the third derivative of w(m). Calculate j(-2).
20
Let p(l) = l**3 + 4*l**2 + 4*l. Let w(c) = -11*c**2 - 15*c + 11. Let j be w(-2). Give p(j).
-3
Suppose w - 225 + 230 = 0. Let o(u) = -u**2 - 7*u - 6. Calculate o(w).
4
Let l(y) = 7*y - 6. Let z(j) = 5*j - 8. Let g(x) = 4*l(x) - 5*z(x). Calculate g(-4).
4
Let u(q) = -q**2 - 14*q + 3*q + 1 + 12*q. Let i be (10/(-4))/(-5)*0. Determine u(i).
1
Let m(f) = -2*f**3 - f**2 - f - 2. Let d(c) = -3*c**3 + 6*c**2 - 5*c - 3. Let i(q) = -d(q) + 2*m(q). Determine i(-8).
-25
Let y(g) be the third derivative of -g**6/20 + g**3/6 + 2*g**2. Suppose -238*w - 2 = -236*w. Determine y(w).
7
Let w(l) = 5*l**3 + 18*l**2 + 19*l + 26. Let d(u) = -2*u**3 - 6*u**2 - 6*u - 9. Let o(g) = -8*d(g) - 3*w(g). Let t be -4*(-3)/(18/15) + -3. Determine o(t).
-20
Let v(d) = -5*d**2 - 188*d - 112. Let g be v(-37). Let r(m) = -m. Let c(p) = 3*p - 1. Let f be ((-9)/(-3))/((-2)/4). Let a(j) = f*r(j) + c(j). Determine a(g).
-10
Let w(h) = -h - 10. Let l(z) = -3*z - 32. Let n(c) = 3*l(c) - 8*w(c). Determine n(-8).
-8
Let b(u) = -u - 1. Let j be (-30)/9*(-3)/2. Let r(g) = -3 + 13*g + 3 + j. Let f(c) = 6*b(c) + r(c). What is f(1)?
6
Let g be 2 + 76 + 6/(-6). Let q = 79 - g. Let a(c) = -c - 3 - 1 + 2. Determine a(q).
-4
Suppose -7*j = -4*j + 2*g + 10, 0 = 5*g + 10. Let h(k) = k**3 + 8*k**2 + 5*k - 10. Let t be h(-7). Let f(b) = -4*b**2 + b**2 + t*b**2 + 1. What is f(j)?
5
Let q be (-35 - -1) + 0/(-6) + -2. Let k = q - -42. Let p(o) = -o + 4. Determine p(k).
-2
Let c(b) = -b - 1. Let h(p) = 3*p + 8. Let v(n) = -4*c(n) - h(n). Suppose 66*d = -2*r + 70*d - 40, -6*r = -2*d + 70. Determine v(r).
-14
Suppose -6*a - 4 = -10*a + 5*o, 0 = 5*a + 5*o + 40. Let s(x) = -4*x + 2. Give s(a).
18
Suppose 4*g + 4*p + 28 = 0, 4*g - 2 = p - 5. Let t(c) = -c. Let n(z) = -z**2 + 3*z + 3. Let m(q) = g*t(q) - n(q). Determine m(-3).
9
Let x be -1 + 5/((-30)/36) + 14. Let m(a) = 6*a - 6*a**2 - 16*a + a**3 + 0*a**2 + 9. What is m(x)?
-12
Suppose -2*t - 140 = -128. Let r(x) = -x**3 - 5*x**2 + 7*x + 1. Calculate r(t).
-5
Let n(b) be the third derivative of b**7/2520 + b**6/180 + b**5/24 + b**4/8 - b**2. Let u(j) be the second derivative of n(j). Give u(-5).
10
Let c(y) = 35*y**2 - 26*y**2 - 62 + 61. Determine c(2).
35
Let m(a) = a - 7. Suppose -30 = -v - 5*v. Let q = 53 + -15. Suppose -v*c + q = 13. Give m(c).
-2
Let b = -103 - -104. Let v(y) = -5*y**2 + 2*y - 1. Determine v(b).
-4
Let u(f) = 18 - f**3 - 4*f**2 - 2*f + 14 - 26 + 0*f**2. Give u(-5).
41
Let m(r) be the second derivative of r**5/20 - r**4 + r**3/3 - 13*r**2/2 - 169*r. Give m(12).
11
Let t(j) = 8*j + 8. Let d be t(-6). Let q be ((-96)/d)/((-2)/(-5)). Let u(o) = -o**2 + 4*o - 6. Give u(q).
-18
Let d(p) = p**3 - 8*p**2 + 7*p + 10. Suppose 0 = -2*w - 1 + 15. Let f be d(w). Let m = 8 - f. Let r(x) = -2*x - 2. What is r(m)?
2
Let l(g) be the first derivative of g**3/3 + 11*g**2/2 + 12*g - 258. Calculate l(-12).
24
Let r = 55 - 56. Let d = -6 - r. Let v(z) = -z**2 - 4*z - 5. Give v(d).
-10
Let y(w) = -w**3 - 5*w**2 - 4*w - 5. Suppose 11*l - 203 = -247. What is y(l)?
-5
Let v(x) be the first derivative of 9*x**2/2 + 15*x + 156. Determine v(-2).
-3
Let w = -554 - -553. Let a(t) be the second derivative of -17*t**6/720 - t**5/120 + t**4/6 - 2*t. Let f(s) be the third derivative of a(s). Give f(w).
16
Let q(h) be the first derivative of -h**4/4 - 7*h**3 - 21*h**2/2 - 18*h - 30. What is q(-20)?
2
Let t(i) be the third derivative of i**5/30 - 7*i**4/24 - 5*i**3/6 + 48*i**2. Determine t(-4).
55
Suppose 0 = -12*u + 7*u. Suppose u = -5*t + 10 + 20. Suppose t*j - 9*j = -6. Let g(x) = -2*x**2 + 2*x + 2. Determine g(j).
-2
Let d(u) = 345 - 2*u**2 + 7*u**2 - 5*u - 343. Let o be ((-7)/2)/(1/2). Let l(c) = -11*c**2 + 10*c - 4. Let j(n) = o*d(n) - 3*l(n). What is j(3)?
-5
Let d = -123 + 123. Let c(p) = -p**2 + p - 2. What is c(d)?
-2
Let x(y) be the second derivative of 0*y**3 - 2*y - 2*y**2 + 0 + 1/4*y**4. Calculate x(3).
23
Let j be -2 + 88/48 - (-50)/12. Suppose 5*x - 2 = 3. Let z(l) = 3*l**2 + l**2 + 3 - l**3 - l - x. Calculate z(j).
-2
Let b(r) = 10*r**2 + 22*r + 11. Let v(q) = -7*q**2 - 15*q - 7. Let m(j) = -5*b(j) - 7*v(j). Let l be (27/45)/(1/(-5)). Let x = l - 2. Determine m(x).
-6
Let o(i) = 22 - 6 - 4*i - 13. Give o(5).
-17
Let v(i) = 3*i + 2. Suppose -5*s + 20 = 0, -2*p - 5*s + 16 = -p. Let d be (-2)/p + 15/(-10). Let r = d + 3. Give v(r).
8
Let x(y) = 131*y - 1 - 144*y + 4 - 2. What is x(1)?
-12
Let r(v) = -54 - v**2 - 56 + 104 + 5*v**3 - 3*v. Let y(i) = i**3 - i. Let c(g) = -r(g) + 4*y(g). Calculate c(0).
6
Let u = 2396 - 2401. Let g(c) = -c - 5. Give g(u).
0
Suppose -3*x - 2*x - 2*n = 27, -x + 5*n = 27. Let g(t) = t + 1. What is g(x)?
-6
Let p(f) = -f**3 - 12*f**2 - 14*f - 39. Let x be p(-11). Let i(a) = a**3 + 5*a**2 - 10*a - 9. Determine i(x).
15
Suppose 0 = -2*b + 6 + 4. Suppose -6*x = 3*y - x + b, 2*y - 3*x = 22. Let l(u) = -3*u**2 - u**2 - 11 - 10*u - y*u**2 - 29*u**3 + 28*u**3. What is l(-8)?
5
Let d(s) = -s**2 + 25*s + 31. Let p be d(26). Suppose 0*g + 10 = -p*g. Let z(y) = -2*y**2 - 2*y. Give z(g).
-4
Let c(r) = -2*r**2 + 47*r + 99. Let o be c(-2). Let b(u) = -4*u**2 - 6*u - 3. Let x(l) = -2*l**2 - 3*l - 2. Let t(g) = -3*b(g) + 5*x(g). Calculate t(o).
8
Suppose -5*t = 1 + 29. Let z(s) = -8*s - 9*s - 6 + 15*s. What is z(t)?
6
Let v(j) = 10*j**2 - j + j**3 + 2 - 4*j**2 - 5*j. Let g(r) = -r**2 + 14*r + 31. Let s be g(16). Let w = s + -6. Give v(w).
-5
Let p(a) = a**3 + 4*a**2 - 7*a - 3. Let r(d) = -d - 3. Let t(s) = s**3 + 8*s**2 + 6*s - 5. Let y be t(-7). Let o be r(y). Give p(o).
7
Let r(t) = -t**2 + t - 1. Let c(f) = 15*f**2 - 4*f + 3